**2 - 2*a - 6. Let v(s) = s**2 - 5. Let h be v(3). Let m(i) = h*l(i) - 9*d(i). What is m(-3)?
17
Let t(n) = -4*n - 7. Let a = -1781 + 1791. What is t(a)?
-47
Let g(x) = 3*x + 3. Let y = 6 - 8. Let b be g(y). Let v(d) = 73 - 30 - 15 - 31 - 2*d. Calculate v(b).
3
Let u = -18 - -18. Suppose u = -v + 6*v - 35. Let y(a) = a**3 - 6*a**2 - 5*a + 2. Give y(v).
16
Let u(j) = -j - 1. Let y(d) be the third derivative of -5*d**4/12 - 3*d**3/2 + 2*d**2. Let k(f) = 18*u(f) - 2*y(f). Calculate k(8).
16
Let o(s) = -s**3 + 9*s**2 - 8*s + 2. Suppose -18 + 6 = 3*j, 3*j = -3*a - 6. Let n(h) = -3*h**3 + 28*h**2 - 25*h + 5. Let t(f) = a*n(f) - 7*o(f). Determine t(6).
-4
Let j(f) = 3*f + 1. Let a be j(3). Let d = a - 5. Suppose 3*s = d*l + 13, -l - 4 = 2*s - 17. Let z(t) = -t**2 + 7*t + 4. Determine z(s).
10
Let b(x) = -24*x**3 - 14*x**2 + 13*x - 15. Let q(a) = -17*a**3 - 9*a**2 + 9*a - 10. Let n(v) = 5*b(v) - 7*q(v). Calculate n(-7).
-19
Let y = 77 - 23. Let m(n) = 3*n + 2*n + y - 56. Let h = -4 + 6. Calculate m(h).
8
Let p(q) = -2*q**3 + 27*q**2 - 24*q + 29. Let j(k) = 3*k**3 - 29*k**2 + 25*k - 31. Let u(i) = 3*j(i) + 4*p(i). Determine u(-22).
1
Let w(c) = c**2 - 8*c - 23. Let o be w(11). Let b(t) = -11 + 5*t + 2*t - o*t + 5*t. Determine b(8).
5
Suppose g + 2 = p, -2*g = -4*p - 3*g + 13. Let b(o) = o**3 + o**2 + o + 1. Let t(r) = 4*r**3 + 2*r**2 + 2. Let j(v) = 3*b(v) - t(v). Determine j(p).
-8
Let g(j) = 6*j**2 - 2*j**3 - 3*j**3 - 3 + 7*j**3 + 0. Let o be g(-3). Let w(x) = x + 4. Determine w(o).
1
Let y(m) be the first derivative of 0*m**2 + 1/8*m**4 - 1/40*m**5 + 0*m - 6 + 8/3*m**3. Let f(w) be the third derivative of y(w). Calculate f(3).
-6
Suppose 4*z + 19 = 2*n + 1, -31 = -5*n - 4*z. Let l(h) be the second derivative of 1/3*h**3 + 4*h**2 + 0 - n*h. What is l(-7)?
-6
Let j(t) be the third derivative of t**4/8 + 133*t**2. Suppose 0 = -2*w + 5*w + 5*b + 3, -w - 1 = 5*b. Determine j(w).
-3
Let z(w) = -w. Suppose 0 = 5*j + 6 - 106. Let h be (-81)/(-15) - 8/j. Suppose 0 = h*k + 5*g + 35, -k - 5*g + 0 = 19. Calculate z(k).
4
Let z = -100 - -105. Let k(o) = 1 - 6 + 2*o - 2 + 0*o. Give k(z).
3
Let a(r) = -2*r - 1. Let t(h) = -h**2 + 4*h + 2. Let b(q) = -5*a(q) - 3*t(q). Let u = 8 - 8. Suppose u = 2*g + 2. Give b(g).
4
Let o(w) = -15*w**2 - 2 - 8 + 9*w**2 - 4*w + 5*w**2 + 4. Give o(-7).
-27
Let n(l) be the first derivative of -4 + 2*l - 1/2*l**2. Let k be 6/(((-12)/14)/((-20)/(-35))). Give n(k).
6
Suppose -s = 2*s - 6. Suppose 35 = 3*t + v, 5*v - 25 = -t + s*v. Let d = -7 + t. Let c(u) = u**2 - 3*u + 4. Give c(d).
4
Suppose 10*s - x - 37 = 14*s, 0 = 2*s - 2*x + 26. Let n(a) = -2*a**3 - 21*a**2 - 11*a + 7. Calculate n(s).
17
Let h(p) = 0*p - 7*p**2 - 4*p**3 + 3*p**3 + 2*p - 265 + 264. Let r be (-7)/2*(2 - 0). Give h(r).
-15
Let k(q) be the third derivative of -q**5/60 - q**4/12 + 7*q**3/3 + 32*q**2 - 6*q. Give k(0).
14
Let b(x) be the first derivative of -2*x**2 - 22*x + 98. Calculate b(-5).
-2
Let r(l) = l**2 - 1. Let k = -12 + 11. Let n be r(k). Let g(f) = -4*f + 8*f + n - 4 - f**2. Calculate g(5).
-9
Let m(z) = -8*z**2 + z. Suppose s + 4 = 6. Suppose 5*q = 2*k - 7, -s*k + 2 = -4*q - 4. Determine m(q).
-9
Let s(h) = -2*h - 2. Let f(g) = -4*g - 4. Let x(w) = 4*f(w) - 7*s(w). Let n be x(-3). Let l(b) = 0*b**2 - 2*b**2 + 4*b**2 + 3 - n*b + b**2. Give l(2).
7
Let g(p) = -p**2 + 6*p + 5. Suppose -4*l = -2*c + 2, 0 = 5*c - 4*c + 3*l - 11. Calculate g(c).
10
Suppose -89 = 2*n - 261. Suppose -2*c - n = -3*x, -x - 3*x + 3*c = -114. Let b be (x/(-18))/((-3)/9). Let y(o) = o**2 - 4*o - 7. What is y(b)?
-2
Let w(r) = 12*r + 9*r**2 + 100 - 5*r - 7*r**2 - r**2 - 113. Give w(-9).
5
Let t(z) = -2*z**2 - 18*z - 14. Let n be t(-8). Let j(q) = q**3 + 4*q**n + 3*q - 2*q**3 - 5*q + 22 - 23. Give j(2).
3
Let a(k) = 7*k - 5. Let f = 337 + -332. Determine a(f).
30
Let v(b) be the second derivative of -b**3/3 - 2*b**2 - 804*b. Determine v(-4).
4
Let s(k) be the third derivative of -k**5/60 + k**4/3 + k**3 - k**2 + 15. Determine s(9).
-3
Let p(v) = 5*v**2 + 5*v - 17. Let j(q) = 6*q**2 + 5*q - 17. Let m(z) = 4*j(z) - 5*p(z). Let s be m(-7). Let t(k) = k**2 - 4*k + 4. Calculate t(s).
1
Suppose u + 4 = -2. Let v(m) = 35 - 7*m**2 - m**3 + 0*m**3 - 7*m - 23 - 20. Determine v(u).
-2
Let l(z) = z**3 + 12*z**2 - 29*z - 8. Let c be l(-14). Let x = 5 - 3. Let g(q) = -1 - x - 2*q + 3*q. Determine g(c).
3
Let d(s) = 4*s**3 - s. Let u(v) = -v**3 + 16*v**2 - 14*v - 22. Let r be u(15). Let k(t) = -2*t - 15. Let n be k(r). Calculate d(n).
-3
Let g = 13 - 8. Suppose -g*j - 4*t = -2*j + 14, 16 = -3*j - 2*t. Let a(c) = 3*c**3 - 3*c**3 + c**3 - 7*c + 5*c**2. Determine a(j).
6
Let d(k) = 5*k**3 + 15*k**2 + 2*k. Let g(z) = 3*z**3 + 10*z**2 + 2*z. Let f(h) = 5*d(h) - 8*g(h). Calculate f(6).
0
Let d(y) = -6*y - 39. Let i(c) = -6*c - 49. Let f(z) = 5*d(z) - 4*i(z). Determine f(2).
-11
Let u(i) = -i**3 + 3*i**2 - 2*i + 1. Let f(w) = 16*w**2 - 4. Let v be f(-2). Let t be 10/v + 17/6. Calculate u(t).
-5
Let n(w) = -5 + 1 - 4 - 3 + 70*w - 64*w - w**2. Calculate n(8).
-27
Let v be (28/7)/((-3)/6). Let i(t) = -7 + 11*t - t**2 + 15*t - 34*t - 1. Determine i(v).
-8
Let m(z) = 2*z**2 - 3*z - 3. Suppose 0 = -3*n + 15, -n - 3 = -5*v - 23. Determine m(v).
24
Let w be (-40)/(-4) - (1 + -1). Let q = w + -5. Let l(r) = 3*r**3 + q*r - 4*r**3 - 1 + 4*r**2 + 0*r**3. Calculate l(5).
-1
Let r(d) = 2 - 35*d + 0 + 36*d. Calculate r(6).
8
Let s(u) = -u**3 - 8*u**2 - 5*u. Suppose 502 - 76 = 6*z. Suppose -13 = 12*t + z. Give s(t).
-14
Let g(a) = -a**2 - 7*a + 1. Suppose 0 = 3*w - 3*y - 267, 3*w - 98 = 2*y + 167. Let l = w + -92. Calculate g(l).
11
Let x(s) = -s - 1. Let b be (-2)/(-4) + (-7)/14. Suppose b = -3*w + 61 + 62. Suppose w = -5*n + 2*n + 4*p, -4*n + 4*p - 48 = 0. Give x(n).
6
Let s(h) = -9*h**2 - 6*h - 37. Let b(y) = -5*y**2 - y + 1. Let x(j) = 2*b(j) - s(j). Calculate x(9).
-6
Let w(f) = -2*f**2 + f + 1. Let s(g) = g**3 - 22*g**2 + 5*g + 9. Let o(a) = -s(a) + 5*w(a). Calculate o(12).
-4
Let r(z) = 0*z + 3 + 2*z - 3*z. Let b(n) = 3*n**2 + 20*n + 6. Let m be b(-6). Let g be -3*(2 - 1) - m. Give r(g).
0
Let q(f) = -5*f - 34. Let z be q(-10). Let j(r) = -3 + z*r - 20*r + 1. Calculate j(5).
-22
Let r(a) = -a**3 - 5*a**2 - 5*a - 5. Suppose 0 = 2*p + g + 46, 0 = -p + 2*p + 2*g + 20. Let n = p - -20. Determine r(n).
-1
Let m(l) = 2*l**2 + 0*l**2 - 3*l - 4 - 1. Suppose -4*r + 106*g - 109*g = -2, 4*g + 29 = r. What is m(r)?
30
Let i be (-40)/35*7/(-2). Let g(w) = -w**3 + 5 - 2*w + 6*w + 0*w**3 + 0*w**3 + i*w**2. What is g(5)?
0
Let c(h) = 1 - h - h - 5*h. Let u(q) = -6*q + 1. Let i(s) = 5*c(s) - 6*u(s). Suppose 15*t = 4*t. Give i(t).
-1
Let c(v) = 2*v**3 - 5*v**2 + 2*v. Let s(h) = h**2. Let o(j) = c(j) + 4*s(j). What is o(2)?
16
Let g(f) be the first derivative of f**3/3 + f**2/2 + 6*f + 82. Determine g(0).
6
Suppose 3*r - 24 = -r. Let s be (-3)/r - (-20)/8. Let w(d) = 2*d**s - 15*d + 1 - d**2 + 15*d. Calculate w(-1).
2
Let a be (5/(10/4))/((-1)/2). Let u(l) = -l**3 - 5*l**2 - 2*l - 3. Calculate u(a).
-11
Let g(u) = -u - 1. Suppose 0 = -q + 2*q + 22. Let x = 25 + q. Let l(a) = -a**3 + 3*a**2 + 2. Let b be l(x). Give g(b).
-3
Suppose 2 - 23 = -7*d. Let g(w) be the third derivative of 2/3*w**d + 0*w + 1/24*w**4 - 5*w**2 + 0. What is g(-5)?
-1
Let c(v) be the first derivative of v**2/2 - 6*v + 74. Determine c(-6).
-12
Let q(r) be the second derivative of -r**3/2 + r**2/2 - r - 8. Let t(f) = -f - 3. Let y be t(-5). Determine q(y).
-5
Let k(g) be the second derivative of -5*g**3/6 + g**2/2 + 2*g. Let n(z) = -2*z + 0*z + z. Let w be n(1). What is k(w)?
6
Let m(w) = w - 21. Let j(v) = -4. Let g(i) = 11*j(i) - 2*m(i). Let o be (112/(-12))/((-3)/(-9)). Let a be ((-8)/(-14))/(8/o). Calculate g(a).
2
Let u(o) = -2*o**3 - 6*o**2 + 5*o - 4. Let n = -2368 - -2363. Determine u(n).
71
Suppose z = -1 - 2. Let y(i) = 3*i**3 - 5*i**2 + 4*i + 1. Let m(s) = -17*s**3 + 26*s**2 - 20*s - 4. Let a(b) = 2*m(b) + 11*y(b). Determine a(z).
-9
Let r(b) = -b**2 - b + 1. Let d(z) = 13*z**2 + 4*z - 4 + 0 - 1. Let w(t) = d(t) + 4*r(t). Let i(y) = -y**3 + 4*y**2 + 3*y + 55. Let m be i(6). What is w(m)?
8
Let g be (1 + 2)/(3/(-32)). Let i be (-12)/(-15)*(-4)/(g/20). Let d(m) = -4*m + 2. Calculate d(i).
-6
Let p(w) = -w**3 + 9*w**2 - 10*w + 19. Let g be p(8). Suppose -44 